greatest common divisor of 12 and 9659832?
12
Calculate the highest common factor of 20 and 34794952.
4
Calculate the greatest common factor of 33 and 988704024.
33
Calculate the highest common factor of 756 and 443358.
18
What is the greatest common factor of 61878592 and 260928?
9664
What is the highest common divisor of 950 and 2981450?
50
Calculate the greatest common divisor of 1482 and 270300498.
1482
Calculate the greatest common factor of 9509477 and 58.
29
Calculate the greatest common factor of 54 and 67862046.
6
Calculate the greatest common factor of 6 and 437918358.
6
Calculate the greatest common divisor of 399151748 and 4.
4
Calculate the highest common factor of 13817 and 22489021.
337
What is the greatest common factor of 70439946 and 4065?
813
What is the greatest common factor of 46100408 and 129176?
1928
Calculate the greatest common factor of 870 and 11516509.
29
What is the greatest common divisor of 28 and 106923614?
14
What is the greatest common divisor of 952 and 5493074?
34
Calculate the highest common divisor of 44 and 3322495.
11
Calculate the highest common divisor of 512216 and 59168.
344
Calculate the greatest common factor of 123153525 and 38051.
2927
Calculate the highest common divisor of 20 and 3745604.
4
What is the highest common factor of 554262716 and 12516?
4172
Calculate the highest common divisor of 771148544 and 28992.
9664
What is the highest common divisor of 605597115 and 1410?
705
Calculate the highest common divisor of 264 and 3308272.
88
Calculate the greatest common factor of 336 and 190235232.
48
What is the highest common divisor of 7700640 and 912560?
4880
Calculate the highest common factor of 570 and 48310170.
30
What is the highest common divisor of 3754049 and 169?
13
What is the greatest common factor of 232 and 41196269?
29
What is the highest common divisor of 2612061 and 979?
89
Calculate the greatest common divisor of 8 and 674776.
8
What is the greatest common factor of 28752 and 328252?
2396
Calculate the greatest common divisor of 50685 and 190.
5
Calculate the greatest common factor of 43024 and 71976463.
2689
Calculate the greatest common factor of 6825 and 384111.
273
What is the highest common factor of 140854346 and 23?
23
What is the highest common divisor of 20 and 43459870?
10
Calculate the highest common divisor of 30231 and 57049256.
3359
What is the greatest common divisor of 1506 and 194062909?
251
Calculate the greatest common factor of 1673066 and 131054.
1702
Calculate the greatest common divisor of 248888 and 64289.
53
Calculate the greatest common factor of 913847253 and 1749.
1749
Calculate the highest common factor of 36352 and 2048.
512
What is the greatest common divisor of 645952 and 5312?
64
Calculate the greatest common divisor of 15360 and 19374720.
1920
Calculate the greatest common divisor of 44 and 108482.
22
Calculate the greatest common factor of 394404592 and 272.
16
What is the greatest common divisor of 463176 and 96264?
504
Calculate the greatest common divisor of 3359 and 32431145.
3359
Calculate the highest common factor of 2496 and 57470088.
312
Calculate the greatest common divisor of 864 and 10675776.
96
Calculate the greatest common divisor of 11367 and 601371.
27
What is the greatest common factor of 12587464 and 3982?
362
What is the highest common divisor of 1328778 and 5292?
54
What is the highest common factor of 13889 and 979583?
817
Calculate the highest common divisor of 2815 and 5374961.
563
Calculate the greatest common factor of 31581216 and 2069.
2069
What is the greatest common factor of 10440346 and 952?
238
Calculate the highest common divisor of 5068 and 138503372.
5068
What is the highest common factor of 5322 and 418891959?
2661
What is the greatest common factor of 32753604 and 1248?
156
Calculate the highest common factor of 26816671 and 49.
49
Calculate the highest common factor of 602532 and 182.
14
Calculate the greatest common divisor of 282014454 and 177.
177
Calculate the greatest common factor of 28517822 and 26.
2
Calculate the greatest common factor of 63609 and 236670915.
9087
What is the greatest common factor of 550 and 19642425?
275
What is the highest common factor of 2640 and 1578225?
165
Calculate the greatest common factor of 30 and 3178884.
6
Calculate the highest common factor of 109573 and 1071932.
73
What is the greatest common divisor of 5 and 7975499?
1
Calculate the greatest common factor of 1806 and 26932.
2
What is the highest common divisor of 135 and 11261085?
15
What is the greatest common divisor of 32919570 and 630?
90
Calculate the greatest common divisor of 756 and 260409276.
108
Calculate the greatest common divisor of 3800 and 783200.
200
Calculate the highest common divisor of 12 and 12283995.
3
Calculate the highest common factor of 9794400 and 1050.
1050
Calculate the highest common divisor of 1168 and 66503.
73
Calculate the greatest common divisor of 1923363 and 288.
9
What is the greatest common factor of 2370740 and 56500?
2260
What is the greatest common divisor of 7370743 and 1097?
1097
What is the greatest common factor of 1481753 and 5187?
1729
Calculate the greatest common divisor of 26544 and 90534.
474
What is the highest common divisor of 920 and 83909520?
920
Calculate the highest common factor of 12604 and 18251788.
92
What is the greatest common factor of 102743 and 135103?
809
What is the highest common divisor of 42 and 79139690?
14
Calculate the greatest common factor of 230763384 and 20.
4
Calculate the greatest common factor of 3232112 and 64051.
4927
What is the greatest common divisor of 2923226553 and 1181?
1181
Calculate the greatest common divisor of 1705658 and 32.
2
Calculate the highest common divisor of 27 and 454004865.
27
Calculate the greatest common divisor of 48272893 and 834.
139
Calculate the greatest common divisor of 71629926 and 6.
6
What is the greatest common divisor of 278100630 and 10?
10
What is the greatest common divisor of 91121489 and 3?
1
Calculate the greatest common divisor of 135 and 5948127.
27
Calculate the highest common factor of 1008 and 1768400.
16
What is the highest common divisor of 83580 and 180040?
140
What is the highest common divisor of 573 and 251169393?
573
What is the greatest common factor of 98 and 674971864?
98
Calculate the greatest common divisor of 5492 and 577860002.
2746
What is the greatest common factor of 156981 and 222507?
201
What is the greatest common divisor of 28301 and 6393849?
2177
What is the highest common divisor of 8251 and 1555648?
223
What is the greatest common factor of 800 and 4997920?
160
Calculate the greatest common factor of 73584 and 353136.
336
Calculate the greatest common factor of 1941142 and 67466.
854
Calculate the greatest common divisor of 43159437 and 795.
159
What is the greatest common divisor of 2408262 and 264438?
354
Calculate the greatest common divisor of 193840 and 48040.
40
What is the highest common factor of 8517 and 2166825?
501
Calculate the highest common factor of 1376679 and 112096.
3503
Calculate the highest common factor of 2346432 and 594.
66
What is the highest common factor of 8030 and 44638?
22
Calculate the highest common factor of 483 and 455439.
3
What is the greatest common factor of 373732336 and 1237?
1237
What is the highest common divisor of 17463948 and 204?
12
Calculate the highest common divisor of 7874 and 1195887372.
7874
Calculate the greatest common factor of 2673 and 25205904.
243
Calculate the greatest common factor of 120 and 134945520.
120
What is the highest common factor of 502128 and 165?
33
What is the greatest common divisor of 273 and 2003118?
39
Calculate the greatest common factor of 12341412 and 6308.
76
What is the highest common factor of 177792 and 879488?
128
Calculate the greatest common divisor of 7997 and 347314.
11
What is the greatest common divisor of 31527121 and 1367?
1367
Calculate the greatest common divisor of 1228267937 and 13.
13
Calculate the highest common factor of 2367222 and 44055.
2937
Calculate the highest common divisor of 33 and 2098404.
33
Calculate the greatest common factor of 3 and 322053.
3
Calculate the highest common factor of 15225 and 1725297.
609
What is the greatest common factor of 